5?
1
What is the hundred thousands digit of 1917637591?
6
What is the billions digit of 1460943941?
1
What is the hundred millions digit of 594176540?
5
What is the units digit of 3039825120?
0
What is the ten millions digit of 1974961720?
7
What is the ten thousands digit of 186887485?
8
What is the units digit of 387754805?
5
What is the millions digit of 41855427?
1
What is the units digit of 184693209?
9
What is the thousands digit of 1550640261?
0
What is the thousands digit of 49132898?
2
What is the ten millions digit of 146025543?
4
What is the millions digit of 98853860?
8
What is the ten millions digit of 88289052?
8
What is the hundred millions digit of 323200810?
3
What is the billions digit of 1035764373?
1
What is the hundreds digit of 76569227?
2
What is the ten thousands digit of 254571699?
7
What is the ten millions digit of 2248504825?
4
What is the thousands digit of 2268294460?
4
What is the thousands digit of 15243626?
3
What is the hundred millions digit of 766643741?
7
What is the millions digit of 2223546395?
3
What is the ten millions digit of 65125949?
6
What is the hundreds digit of 4557109406?
4
What is the units digit of 55249134?
4
What is the millions digit of 237986414?
7
What is the ten millions digit of 17354513?
1
What is the tens digit of 53925800?
0
What is the ten thousands digit of 107043583?
4
What is the hundred millions digit of 1456999850?
4
What is the hundred thousands digit of 1399238636?
2
What is the hundred thousands digit of 231090678?
0
What is the thousands digit of 541000317?
0
What is the units digit of 388737671?
1
What is the units digit of 1495264046?
6
What is the ten thousands digit of 4984591414?
9
What is the units digit of 38366827?
7
What is the hundreds digit of 57397854?
8
What is the billions digit of 4682653769?
4
What is the millions digit of 625342529?
5
What is the hundreds digit of 155074431?
4
What is the hundreds digit of 146618318?
3
What is the units digit of 6261782625?
5
What is the ten millions digit of 5355441282?
5
What is the ten millions digit of 1628311817?
2
What is the millions digit of 2027656812?
7
What is the hundred thousands digit of 143482472?
4
What is the tens digit of 132856746?
4
What is the hundred thousands digit of 162068266?
0
What is the tens digit of 2403287244?
4
What is the ten millions digit of 3224777927?
2
What is the ten millions digit of 132266997?
3
What is the ten thousands digit of 579855401?
5
What is the ten thousands digit of 4575640789?
4
What is the ten millions digit of 164291351?
6
What is the thousands digit of 63496503?
6
What is the ten thousands digit of 79066753?
6
What is the units digit of 795346857?
7
What is the thousands digit of 89352354?
2
What is the millions digit of 561780988?
1
What is the ten millions digit of 194288385?
9
What is the hundred thousands digit of 714985159?
9
What is the millions digit of 20273261?
0
What is the hundred thousands digit of 700422905?
4
What is the units digit of 19538095?
5
What is the hundreds digit of 1650733311?
3
What is the hundreds digit of 1188588443?
4
What is the thousands digit of 73284218?
4
What is the tens digit of 74824461?
6
What is the units digit of 2962452453?
3
What is the hundred millions digit of 4443902259?
4
What is the tens digit of 1894930244?
4
What is the units digit of 1718235342?
2
What is the millions digit of 743294294?
3
What is the tens digit of 14834295?
9
What is the hundred thousands digit of 6256910874?
9
What is the ten millions digit of 4169077207?
6
What is the hundreds digit of 6218563553?
5
What is the ten thousands digit of 45154882?
5
What is the tens digit of 180809012?
1
What is the hundreds digit of 1041492368?
3
What is the thousands digit of 127788009?
8
What is the thousands digit of 1391110370?
0
What is the ten thousands digit of 643311526?
1
What is the tens digit of 691382447?
4
What is the thousands digit of 26288714?
8
What is the thousands digit of 68327015?
7
What is the millions digit of 34614742?
4
What is the ten thousands digit of 82560533?
6
What is the thousands digit of 165473669?
3
What is the ten millions digit of 44352103?
4
What is the tens digit of 74196578?
7
What is the ten millions digit of 40698375?
4
What is the thousands digit of 43272081?
2
What is the units digit of 9805942?
2
What is the tens digit of 229934972?
7
What is the hundred thousands digit of 7378868521?
8
What is the units digit of 612528102?
2
What is the hundreds digit of 1895379?
3
What is the hundreds digit of 48083464?
4
What is the thousands digit of 31468584?
8
What is the tens digit of 88552749?
4
What is the hundreds digit of 5318557216?
2
What is the hundred millions digit of 1824638900?
8
What is the hundred millions digit of 4096580556?
0
What is the millions digit of 63564159?
3
What is the hundreds digit of 49335311?
3
What is the ten millions digit of 22017409?
2
What is the tens digit of 6157358255?
5
What is the hundreds digit of 2148052558?
5
What is the ten millions digit of 42350760?
4
What is the units digit of 1355478078?
8
What is the units digit of 55617489?
9
What is the millions digit of 47528610?
7
What is the ten thousands digit of 1688748454?
4
What is the hundreds digit of 1106498262?
2
What is the millions digit of 89570081?
9
What is the millions digit of 6888989761?
8
What is the millions digit of 545826451?
5
What is the hundreds digit of 3596274010?
0
What is the hundreds digit of 1105861978?
9
What is the hundreds digit of 12012076?
0
What is the hundred thousands digit of 406847154?
8
What is the thousands digit of 53898647?
8
What is the ten millions digit of 49522979?
4
What is the ten millions digit of 43457315?
4
What is the ten thousands digit of 351208008?
0
What is the millions digit of 14869971?
4
What is the billions digit of 3463193661?
3
What is the millions digit of 1556471569?
6
What is the hundred millions digit of 150574087?
1
What is the millions digit of 756982229?
6
What is the millions digit of 171679459?
1
What is the hundred millions digit of 1254657421?
2
What is the ten thousands digit of 1850878305?
7
What is the thousands digit of 6793663?
3
What is the hundred thousands digit of 1170474328?
4
What is the hundred millions digit of 160613049?
1
What is the tens digit of 770806290?
9
What is the hundred thousands digit of 548970796?
9
What is the ten thousands digit of 1493811268?
1
What is the tens digit of 7317709296?
9
What is the hundreds digit of 253377944?
9
What is the hundred thousands digit of 138022620?
0
What is the thousands digit of 59272332?
2
What is the units digit of 5578944054?
4
What is the ten thousands digit of 244591474?
9
What is the units digit of 150974347?
7
What is the hundreds digit of 320756601?
6
What is the tens digit of 36992481?
8
What is the units digit of 649686709?
9
What is the hundred millions digit of 810593048?
8
What is the thousands digit of 1536925888?
5
What is the thousands digit of 52699969?
9
What is the ten thousands digit of 482467367?
6
What is the hundreds digit of 10427572?
5
What is the ten thousands digit of 61799129?
9
What is the hundred thousands digit of 419581263?
5
What is the ten thousands digit of 30934517?
3
What is the millions digit of 1446265644?
6
What is the tens digit of 81933449?
4
What is the tens digit of 688586732?
3
What is the units digit of 55192645?
5
What is the billions digit of 2139244375?
2
What is the millions digit of 520875157?
0
What is the billions digit of 1210037040?
1
What is the hundreds digit of 30667696?
6
What is the ten thousands digit of 23939509?
3
What is the thousands digit of 8370796545?
6
What is the hundreds digit of 328990078?
0
What is the hundred thousands digit of 141168443?
1
What is the ten millions digit of 62348013?
6
What is the ten thousands digit of 105119339?
1
What is the ten millions digit of 202980960?
0
What is the ten millions digit of 50320667?
5
What is the ten thousands digit of 392929031?
2
What is the units digit of 35252395?
5
What is the ten millions digit of 27115333?
2
What is the tens digit of 171021757?
5
What is the thousands digit of 68976276?
6
What is the hundred thousands digit of 481144539?
1
What is the hundreds digit of 152479308?
3
What is the